rime number?
False
Is 22435699043 composite?
False
Is 1229099717 a composite number?
False
Is 686790851 a composite number?
False
Is 42581611 a composite number?
True
Is 9477367369 a prime number?
False
Is 884776433 a composite number?
True
Is 7352016251 a composite number?
True
Is 82502553439 a composite number?
False
Is 83690878 composite?
True
Is 11848776481 prime?
False
Is 1914741097 prime?
True
Is 1120022879 a composite number?
True
Is 5733557891 composite?
False
Is 346532443 prime?
True
Is 6985075793 prime?
False
Is 261931633 prime?
True
Is 13849706527 prime?
True
Is 26945677303 a composite number?
True
Is 19218851 prime?
False
Is 531578791 a composite number?
False
Is 1034669209 a composite number?
True
Is 28725996973 a prime number?
True
Is 6628535461 a composite number?
True
Is 16896255665 prime?
False
Is 255336613703 composite?
False
Is 403272577 composite?
False
Is 799685849 prime?
True
Is 90765800789 a composite number?
False
Is 1189618771 a composite number?
True
Is 3683785789 composite?
True
Is 7439724377 prime?
True
Is 2406807889 composite?
False
Is 21676622347 a prime number?
True
Is 67846872901 prime?
True
Is 6475808231 a prime number?
False
Is 136974053 a prime number?
False
Is 18171556859 prime?
True
Is 18013808537 prime?
True
Is 65715159017 a composite number?
False
Is 1350900181 composite?
False
Is 205344301 composite?
True
Is 7579295681 prime?
False
Is 977471609 prime?
True
Is 283422199 prime?
False
Is 4938020539 composite?
False
Is 12610795513 a composite number?
False
Is 263961011 composite?
False
Is 959431061 composite?
False
Is 811817931 composite?
True
Is 4430400287 a prime number?
False
Is 2463584083 a prime number?
False
Is 17566583821 a prime number?
False
Is 542675598485 prime?
False
Is 7391418973 a composite number?
False
Is 169752091 a prime number?
True
Is 283120973 composite?
True
Is 120171190121 prime?
True
Is 73782689419 a composite number?
False
Is 14898104243 prime?
False
Is 960212254 prime?
False
Is 32882904389 composite?
True
Is 2555126429 a composite number?
True
Is 10053225101 a composite number?
False
Is 77033509243 composite?
False
Is 9176240279 prime?
True
Is 521297597 composite?
False
Is 1744679913 a prime number?
False
Is 1069270311 a prime number?
False
Is 21113773 a prime number?
True
Is 159960738623 composite?
True
Is 77389355531 a prime number?
False
Is 8022822263 a prime number?
True
Is 9326328013 composite?
False
Is 83924241455 a composite number?
True
Is 317676427 a prime number?
False
Is 5823084293 a composite number?
True
Is 3854979961 prime?
False
Is 994459621 prime?
True
Is 1425275773 a composite number?
True
Is 505030343 a prime number?
False
Is 3300725119 a composite number?
True
Is 2491812287 composite?
False
Is 186319665341 composite?
False
Is 9616235341 a composite number?
False
Is 11442341389 a composite number?
False
Is 2128518547 a composite number?
False
Is 70280656661 prime?
True
Is 2558729357 prime?
True
Is 3049795817 a composite number?
True
Is 61439012861 a composite number?
False
Is 2076800303 prime?
True
Is 24461571479 prime?
True
Is 2024647727 composite?
True
Is 132560658077 a prime number?
False
Is 242440747 a composite number?
True
Is 56523005633 prime?
False
Is 16065850291 prime?
False
Is 2960252237 a composite number?
True
Is 17577394123 a prime number?
False
Is 1591224659 composite?
False
Is 5117703977 a prime number?
False
Is 700670549 a composite number?
False
Is 158510911 a composite number?
True
Is 48651862433 composite?
False
Is 3154871887 a composite number?
False
Is 647714729 composite?
False
Is 191457811 prime?
False
Is 11724210739 a prime number?
False
Is 237558437 a composite number?
False
Is 1015620329 a composite number?
False
Is 145097837 a prime number?
True
Is 45356906539 prime?
False
Is 472214381 prime?
True
Is 8760356039 prime?
True
Is 3098654747 a composite number?
False
Is 1254337723 prime?
False
Is 205050771271 a composite number?
True
Is 291128681 composite?
False
Is 68533207 composite?
False
Is 5451219041 composite?
True
Is 13096653099 prime?
False
Is 2818506671 a prime number?
True
Is 843969851 composite?
False
Is 120585461 composite?
True
Is 96217682749 composite?
False
Is 138387153161 a composite number?
False
Is 665902943 a composite number?
False
Is 2178401321 prime?
True
Is 2947507027 composite?
True
Is 261705884863 a composite number?
True
Is 6211319503 prime?
True
Is 39834519383 prime?
True
Is 472648931 a composite number?
True
Is 519210193 a prime number?
True
Is 6251866319 a composite number?
False
Is 125749103 a prime number?
False
Is 18514077 a prime number?
False
Is 726179287 prime?
False
Is 1114929997 prime?
True
Is 1335290141 prime?
True
Is 5318585717 prime?
True
Is 2655376139 a composite number?
True
Is 22109519 a composite number?
True
Is 24715464031 prime?
False
Is 223909921 composite?
True
Is 526213001 prime?
False
Is 13589747729 composite?
True
Is 9395533453 a prime number?
False
Is 13739039 a composite number?
False
Is 653963861 composite?
False
Is 1358052989 prime?
True
Is 2778492551 prime?
False
Is 234462583 composite?
False
Is 157762009237 a composite number?
True
Is 1212567247 a prime number?
True
Is 1543586001 composite?
True
Is 323427649 prime?
False
Is 23863122097 a prime number?
False
Is 1467597707 composite?
True
Is 459997753 composite?
True
Is 6029304977 prime?
True
Is 12539109035 composite?
True
Is 18752277703 composite?
True
Is 3325040167 composite?
True
Is 471782501 a prime number?
False
Is 15662855347 a prime number?
True
Is 7324446953 composite?
True
Is 1707006849 prime?
False
Is 10167692273 prime?
True
Is 10700641841 a prime number?
True
Is 1014378107 a prime number?
False
Is 97652016183 a composite number?
True
Is 13933558307 a prime number?
False
Is 790234934 composite?
True
Is 873869813 a prime number?
True
Is 26526509647 composite?
True
Is 313933535 prime?
False
Is 445140251 composite?
True
Is 1213592477 a composite number?
True
Is 1081408189 composite?
False
Is 244366564709 composite?
True
Is 13995463721 prime?
False
Is 53928966761 a prime number?
True
Is 4480634579 a composite number?
False
Is 5683804291 composite?
True
Is 134764411 prime?
True
Is 47572204982 a composite number?
True
Is 89564759 a composite number?
False
Is 684261595 prime?
False
Is 40729606811 a prime number?
False
Is 3308369081 a prime number?
False
Is 1869611207 composite?
False
Is 4014555179 a prime number?
False
Is 37362177817 composite?
True
Is 15695357 a composite number?
True
Is 1400075659 composite?
True
Is 5180741299 prime?
False
Is 35200316689 composite?
True
Is 4280695831 composite?
True
Is 65485646459 prime?
True
Is 1761557213 composite?
True
Is 77782805609 prime?
True
Is 597141326 a composite number?
True
Is 122644995541 a composite number?
False
Is 1104794303 a prime number?
True
Is 4735009309 prime?
True
Is 15330336599 a composite number?
True
Is 304712077 prime?
False
Is 2789311271 composite?
False
Is 244773913 a prime number?
False
Is 12653929217 prime?
True
Is 6149254129 a composite number?
True
Is 286998893 a prime number?
False
Is 1472238931 composite?
False
Is 2822060651 prime?
True
Is 87983912521 a prime number?
True
Is 31482439 composite?
False
Is 203405021 prime?
False
Is 1454427971 prime?
False
Is 3191746223 a composite number?
True
Is 93400636799 prime?
True
Is 5416374361 a composite number?
False
Is 1795087979 a prime number?
True
Is 1777466909 prime?
False
Is 1417018373 a composite number?
True
Is 392425585 a prime number?
False
Is 10032913799 a composite number?
False
Is 599044703 a prime number?
False
Is 80151671297 composite?
True
Is 4704594001 a composite number?
False
Is 27522902123 prime?
False
Is 109081171061 composite?
False
Is 1900811611 prime?
False
Is 49174922573 prime?
False
Is 2585624897 composite?
True
Is 569439109 prime?
True
Is 2948623877 composite?
False
Is 14304010517 a composite number?
False
Is 35537426434 composite?
True
Is 333270409 a prime number?
False
Is 16332560143 prime?
False
Is 1807146895 composite?
True
Is 26538082357 a composite number?
False
Is 78528543787 composite?
False
Is 6034654387 a composite number?
True
Is 95480868827 composite?
False
Is 13591481 composite?
False
Is 186999079 prime?
True
Is 2925137599 a composite number?
False
Is 24829379921 a composite number?
